5*d = g + 226. What is the units digit of v?
6
Suppose -3*p - 1 = 2*w + 7, 4*w + 5*p = -16. What is the units digit of 1 - -1 - (-48 - w)?
6
Let w = 27 - 27. Suppose w*z + 245 = 5*z. What is the tens digit of z?
4
What is the hundreds digit of (-56905)/(-570) - 1/(-6)?
1
Let v(n) = -n**2 - 17*n + 3. Let g be v(-17). Suppose g*t + 2*w = -t + 516, -5*w = -5*t + 660. What is the hundreds digit of t?
1
Suppose 2*x = 5*l - 12011, -11*l - 4*x - 9616 = -15*l. What is the tens digit of l?
0
Let c = -31 + 48. Suppose -2*d - 2*d = 0. Let h = c - d. What is the tens digit of h?
1
Let y(z) = 67*z**2. Let q = 15 - 14. What is the units digit of y(q)?
7
Let n = -3587 - -5547. What is the thousands digit of n?
1
Let i = -17 - -26. Suppose -i*y = -6*y - 150. What is the units digit of (y - 4)*(-2)/(-4)?
3
Suppose 8*h = 5*h + 978. What is the units digit of 8/(-14) + h/7?
6
Suppose 25 = -3*p + 8*p. Suppose 3*w + 184 = 4*o - w, p*o + 5*w - 210 = 0. What is the tens digit of o?
4
Let b = 27 - -81. Suppose b = -2*p + 8*p. What is the tens digit of p?
1
Let v(x) = -6 - 26*x**2 + 14 + 7*x + 29*x**2. Let o be 3/((-3)/2) + -1. What is the units digit of v(o)?
4
Let a(r) = 5*r + 19. What is the units digit of a(1)?
4
Let x(c) = 2*c - 4. Suppose -r = 3*r + p - 40, 5*r - 25 = 5*p. Let q be x(r). What is the tens digit of (51/(-4))/(q/(-56))?
5
Let w(y) = 3*y**2 - 15*y - 113. What is the tens digit of w(-7)?
3
Let f be (57/(-12))/(8/(-96)). What is the units digit of (-8)/(-6)*f/2?
8
Let n = -1113 - -2065. What is the tens digit of n?
5
Let y = -36 + 26. Suppose 6*j - 104 = 2*j. Let o = y + j. What is the tens digit of o?
1
Let k(a) = 11*a**3 - 2*a**2 - a + 1. Suppose 2*l + 3*y = -0*y + 17, l + 5*y - 19 = 0. Suppose 4 = 4*z - l. What is the units digit of k(z)?
9
Let j(w) = 0*w - 10 + 14*w - 1 - w**2 + 15. What is the units digit of j(8)?
2
Let q(n) = 64*n**2 + 2*n - 50. What is the units digit of q(-5)?
0
Suppose -950 = -6*k + 1276. What is the hundreds digit of k?
3
Let c = -29 - -24. Let j be (-2)/(-4)*(5 + c). Suppose l = -j*l + 56. What is the units digit of l?
6
Suppose 0 = 24*q - 18*q - 438. What is the units digit of q?
3
Suppose -2*z - 3*z - 20 = -5*p, p + 5*z = -8. Suppose -56 - 55 = -3*u - 3*m, -p*m = -4*u + 142. What is the units digit of u?
6
Suppose -5*t + 0*t = -2*p - 5327, t - 1061 = -4*p. What is the hundreds digit of t?
0
Let n(m) = -18*m. Let j(i) = -4*i + 4 - i**2 - 2*i + 2*i**2. Let y be j(5). What is the units digit of n(y)?
8
Let a be 6*12/(-32)*84. Let u = -89 - a. What is the units digit of u?
0
Let s = 488 - -1383. What is the tens digit of s?
7
Suppose -591 = -14*c + 5443. What is the tens digit of c?
3
Let v(f) = -4*f**2 - 2*f + 31*f**2 + 1 - 4 + 24*f**2. What is the units digit of v(-1)?
0
Suppose -4*f - 30*d + 8574 = -31*d, 0 = 5*f - 5*d - 10710. What is the hundreds digit of f?
1
Suppose -u = 2*d - 5 - 2, 0 = -2*u - 2*d + 10. Suppose 0 = u*i + 9, -39 = h + 7*i - 3*i. Let j = 16 - h. What is the tens digit of j?
4
Suppose 0 = -15*w + 49719 - 9879. What is the tens digit of w?
5
Suppose s = -41 + 104. What is the units digit of 0 + 4 + -2 + s/1?
5
Suppose -4 = t, 5*t + 912 = 3*k + 8*t. What is the tens digit of k?
0
Let k(l) = l**3 + 35*l**2 + 91*l - 23. What is the hundreds digit of k(-30)?
7
What is the units digit of 61 - 65 - 1*-151*3?
9
Suppose -18*z - 30681 = -39*z. What is the tens digit of z?
6
Suppose 655 + 1503 = 13*x. Let y = x - 85. What is the tens digit of y?
8
Let h(m) = -m**2 + 17*m + 9. Let a be h(7). Let y = a - 56. What is the units digit of y?
3
Let g(x) be the second derivative of 5*x**3/3 - 5*x**2 - x. Let o(f) = 20*f - 134. Let z be o(7). What is the tens digit of g(z)?
5
Suppose 0 = c - 3 - 1. Suppose 3*x - 23 = -s, c*x - s = -3*s + 28. Suppose -4*d + d = -x. What is the units digit of d?
3
Suppose 2330*x - 22734 = 2321*x. What is the tens digit of x?
2
Let g(v) be the first derivative of v**4/4 - 4*v**3/3 + 11*v**2/2 + v - 31. What is the units digit of g(5)?
1
Let v = 173 + -117. Suppose 247*j = 245*j + v. What is the units digit of j?
8
Let m be 8/24 + 32/3. Let l(q) = -3*q + 3 - 15 - 7*q + m. What is the tens digit of l(-2)?
1
What is the tens digit of 22/(-275) - 29504/(-50)?
9
What is the hundreds digit of 2480/(-93)*(1526/(-8) + 4)?
9
Let m = -236 - -416. What is the units digit of m?
0
Suppose 0 = -2*v + 10*q - 8*q + 174, 3*v = 2*q + 266. What is the tens digit of v?
9
Let a = -21 + 19. What is the hundreds digit of (-588)/a*(20 - 19)?
2
Let f be (-13)/(-3) + (-2)/6. Suppose -9*i - 5*n + 545 = -4*i, -f*n + 8 = 0. What is the tens digit of i?
0
Suppose 0 = 2*c - 2*d - d - 1072, 4*c - 5*d = 2146. What is the hundreds digit of c?
5
Let p = 200 + -364. Let z = p + 239. Suppose z = 5*i - 0*i. What is the tens digit of i?
1
Let x be (-4)/(-5)*((-20)/8 - -5). Suppose 173 = x*s - 19. What is the tens digit of s?
9
Suppose 1293 = -14*h + 13921. What is the units digit of h?
2
Let r(k) = 31*k - 23. Let j(z) = -16*z + 11. Let o(c) = -14*j(c) - 6*r(c). Let m be o(8). Suppose m - 73 = 5*q. What is the tens digit of q?
4
What is the tens digit of (-3)/(-6)*(999 + 5)?
0
Suppose 4*n - z - 106 + 31 = 0, -5*z - 33 = -n. Suppose -y - n = -117. What is the tens digit of y?
9
Let h = -15 - -1. Let w be (-2316)/h + 51/(-119). Suppose -x + 5*k + 13 + 50 = 0, -5*x + w = 5*k. What is the units digit of x?
8
Suppose 0 = 5*l - 2*l - s - 286, 4*s - 311 = -3*l. What is the units digit of l?
7
Let j(g) be the second derivative of 4*g**2 - g + 0 - 1/6*g**3. What is the tens digit of j(-14)?
2
Let o(w) = -1776*w + 56. What is the tens digit of o(-1)?
3
Suppose 2*y = -4 - 2. Let h(m) be the first derivative of m**3/3 - m**2/2 - 3*m + 35. What is the units digit of h(y)?
9
What is the units digit of 218/1853 - (-11031)/17?
9
Suppose 2*q + 139 = 5*u, q - 25 = -35*u + 34*u. What is the tens digit of u?
2
Let r = 138 + 590. What is the units digit of r?
8
Suppose -u - 20 = -23. Suppose -4*o = -5*o - 4, 888 = 3*y - u*o. What is the tens digit of y?
9
Let c = -51 - -904. What is the tens digit of c?
5
Let t(g) = 5*g**3 - 3*g**2 + 5*g - 1. Let m(k) = -11*k**3 + 5*k**2 - 10*k + 3. Let w(u) = -4*m(u) - 9*t(u). What is the units digit of w(6)?
3
Suppose -w = 4*z - 4966, -5*z + 8*w = 4*w - 6218. What is the hundreds digit of z?
2
What is the units digit of 4 - (0 - -2)/(1/(-299))?
2
Let j = 993 + -635. What is the units digit of j?
8
Let d be (-260)/80 - (-3)/(-4). What is the units digit of (-3 + (-11)/d)*-332?
3
Let w = -40 + 26. What is the tens digit of (24/w)/((-15)/(2100/8))?
3
What is the hundreds digit of (-263655)/(-84) + (-3)/(-12)?
1
Let g be 3/12 + 0 + 815/4. What is the units digit of g/8*32/12?
8
Let a(h) = h**2 + 4*h - 3. Let g be a(1). Let x(y) = 3*y - 22 + 2*y**3 + 8*y**g - y**3 + 3*y + 8. What is the units digit of x(-6)?
2
Suppose 0 = -4*z + 150 - 14. Let k(q) = q**3 - 9*q**2 + 3*q - 1. Let b be k(9). Suppose -b = -4*i + z. What is the units digit of i?
5
Let n(t) = t**3 - 6*t**2 + 3*t + 11. Let z be n(5). What is the tens digit of (-401 + 3)*z/(-2)?
9
Let u(x) = -4*x - 6. Let a be u(-2). Suppose -53 + 7 = -a*s. What is the units digit of s?
3
Let d(c) = 6*c**2 + 31*c - 19. Suppose -4*f - 5 + 13 = 0. Let q(y) = -y**2 - 6*y + 4. Let i(m) = f*d(m) + 11*q(m). What is the units digit of i(4)?
6
Suppose -5*h + 3 = 5*u - 17, -2*u = 5*h - 17. Let r(n) = -1. Let m(y) = 40*y - 7. Let j(t) = u*m(t) - 6*r(t). What is the tens digit of j(1)?
3
Suppose -15*t + 18 = -14*t. Let a = -15 + t. Suppose -a*z = -199 + 61. What is the tens digit of z?
4
Let m(u) be the third derivative of 1/6*u**3 + 1/60*u**5 + 0 - 7/24*u**4 - 5*u**2 + 0*u. What is the units digit of m(11)?
5
Suppose 14 - 16 = -2*a. Suppose 0 = -2*r + 9 + a. Suppose 0 = -5*l - r, -3*k - 3*l + 31 + 32 = 0. What is the tens digit of k?
2
Let d = 19 + -25. Let m(t) = 2*t**2 + 3*t + 2. Let c be m(d). What is the units digit of ((-608)/c)/(2/(-7))?
8
Let a(t) = -2*t**3 - 4*t**2 - 3*t - 1. Let q be a(-2). Suppose 3*w - p + 182 = p, 4*p = q*w + 304. What is the tens digit of 1/6 - 1490/w?
2
Let q = -16 - -48. Let x = -19 + q. What is the tens digit of x?
1
Let v(f) = f + 16. Let u be v(-15). Let x = u + 60. What is the units digit of x?
1
Let w = -684 + 1025. What is the hundreds digit of w?
